- (-1 + 1 - -2).
5
Calculate -6 + -1 + 0 - (7 - 18).
4
What is 1 - -5 - (87 - 74)?
-7
What is -11 + (-5 - -21) + (-2 - -1)?
4
What is (73 - 72) + -1 + -6 + 4?
-2
(-6 - 1) + -10 + 10
-7
What is -98 - -100 - (0 + 0)?
2
What is (-1 - -3) + (10 - 17)?
-5
Calculate (-8 - -8 - 4) + 0 + 5.
1
Evaluate -9 + (2 - 0 - 8) + 14.
-1
What is the value of (3 - 2) + -2 + 2?
1
Evaluate 2 + (-1 - 0) + 1 + 3.
5
What is (-1 - 9) + 0 + 9?
-1
What is the value of 0 + (-18 + 27 - (2 + 1))?
6
Calculate -21 - (8 + -17) - -19.
7
What is the value of 2 - (-11 + 8 - (4 - 2))?
7
-3 - (7 + -2 - 9)
1
Evaluate 5 - 10 - (-9 - 2) - -1.
7
What is the value of -2 - ((-7 + 12 - 2) + -10)?
5
(-26 + 24 - -4) + -1 + 2
3
What is (-2 - (-2 - 4)) + (1 - 5)?
0
What is (-9 - -5 - 4) + 1?
-7
Evaluate -3 - (4 + 0 + -10).
3
(1 - ((-5 - -3) + 4)) + 0
-1
What is the value of 6 + (-1 - 10) - -8?
3
-2 - ((6 - -1) + -17)
8
8 + -13 - ((4 - 3) + -3)
-3
Evaluate 1 + 0 + -1 + -1 + 0.
-1
0 - (1 - -2 - 5) - 2
0
What is the value of 3 + -2 - (8 - (4 + 7))?
4
Evaluate -1 + -4 + -1 + -1 + 4.
-3
Calculate 1 - (-4 - -2) - (-3 - -3).
3
What is -1 - (-1 - (3 - 4)) - 4?
-5
Evaluate -4 + (-12 - -7) - -8.
-1
Evaluate 8 - (-7 + 11 - -1).
3
Evaluate -2 + (30 + -25 - (1 - -1)).
1
What is the value of 2 + (2 - 0) + (7 - 9)?
2
3 + 0 + (-7 - -13) + 0
9
3 - -1 - (6 - (-7 - -13))
4
What is 2 + (7 - 7) + 1 + 4?
7
What is the value of 3 + (6 + -7 - 8)?
-6
Calculate (-7 - (8 - 12)) + -2.
-5
What is 1 + (-5 - -3) - (29 - 33)?
3
What is 15 + (-8 - (1 - 0))?
6
Evaluate -3 + -1 + 3 + -4.
-5
0 - -1 - 6 - -3
-2
What is (-4 - -5 - -4) + -11?
-6
What is the value of -5 + 8 + (8 - 11 - 3)?
-3
25 + -26 - ((3 - 3) + 7)
-8
What is the value of 0 + 3 - (-117 + 119)?
1
Calculate -3 - (5 - 8) - 4 - -3.
-1
What is 6 - 2 - (3 + 2)?
-1
Calculate -2 + 4 - 6 - -9.
5
Calculate -2 - -3 - (-84 + 79).
6
Evaluate 18 + -27 - (-2 + -7).
0
Calculate (-5 + 7 - 2) + 11 - 2.
9
What is 2 - (3 - (3 + (4 - 4)))?
2
Evaluate -1 - ((3 - -1) + 1 + 1).
-7
5 - (-7 + (5 - 2) + 4)
5
What is the value of (-8 - -2) + (10 - 4)?
0
What is 3 - (1 - ((5 - 10) + 1))?
-2
Calculate (2 - (-2 - -7)) + 2 + 1.
0
Evaluate -3 + 9 + (3 - -1 - 5).
5
Calculate 0 - (6 + (-1 - 2)).
-3
Evaluate -8 - -6 - (-4 + 1 + 1).
0
What is the value of (-1 - 4 - (-10 + 6)) + 4?
3
What is the value of -2 + (7 - (6 + -6))?
5
Calculate (5 - 15) + 5 - (-2 - 1).
-2
8 + -2 - 6 - -4
4
Evaluate 0 + (4 + (-8 - 1) - 1).
-6
Calculate -1 - (-4 - -7) - 0.
-4
4 - (3 + 3 - 2)
0
Calculate -8 - (-4 - (6 + -2)).
0
Calculate -3 + (3 - -1 - -4).
5
Calculate -5 - 0 - (-3 - (-9 - -6)).
-5
9 + -14 + (1 - -4)
0
Evaluate (1 - (-6 - -2)) + (0 - -1).
6
Evaluate 11 + -7 - 7 - -7.
4
Evaluate (-8 - (3 - 7)) + 1 + 7.
4
What is the value of 3 - ((1 - -3) + -1) - -4?
4
Evaluate (-12 - (-11 - -6)) + 3.
-4
What is the value of (-5 - -11 - 6) + 1?
1
Evaluate 12 - (3 + -3) - 8.
4
-7 + 8 - (0 + 2)
-1
Calculate 11 - 1 - (-51 + 64).
-3
Calculate 9 - (-2 + 8 - 0).
3
Evaluate 8 + -6 + 7 + -2.
7
What is (10 - (0 - -6)) + 0 - 8?
-4
Calculate 1 + 0 + -6 - (47 - 58).
6
Evaluate 16 + (11 - 19) - 18.
-10
What is the value of 7 - ((5 - -1) + 4) - 1?
-4
What is the value of -4 + 5 - 3 - (1 + -5)?
2
What is -2 + (9 - 4 - -1) + -8?
-4
Calculate -1 + (-4 - 2 - -3).
-4
Evaluate 6 + 0 + -4 - -3.
5
-15 + 17 - (1 + 0)
1
What is -12 + 8 + (0 - (-2 - -1))?
-3
What is the value of 14 + (-11 - -6 - 1)?
8
What is the value of -1 - (2 + (1 - 1)) - 2?
-5
Calculate -3 + -5 - (-6 - -3).
-5
What is -5 + 13 - -7 - 9?
6
Calculate 11 - (27 + -12 - 3).
-1
What is 6 + -15 - -3 - -13?
7
-3 + 0 + (14 - 8)
3
Evaluate -5 + (-7 - -10) + -4.
-6
Evaluate (1 - (6 + -4 - -5)) + 14.
8
Calculate -2 + 3 + (-1 - -3 - -1).
4
What is the value of -1 + -1 + 1 + 0 - -2?
1
-2 + (-2 - 1) + -2 + 3
-4
Evaluate 1 + -13 + (1 - -7).
-4
Evaluate 5 + -2 - 11 - (8 - 26).
10
What is the value of 1 - (-1 + (5 - 1))?
-2
What is the value of 3 + (-7 + 4 - 9 - 1)?
-10
What is (-15 - -15) + -1 + -1?
-2
(3 - (1 + -1)) + 2 + 0
5
Evaluate 5 - (6 + (-10 - 3 - -7)).
5
Evaluate (-6 + 4 - -1) + 0.
-1
What is the value of -2 - 7 - (19 + (14 - 36))?
-6
2 - (4 + 1 + (-10 - -3))
4
What is 5 - 7 - (3 + 2 - 5)?
-2
Calculate -4 + (16 - 14 - (-2 + 7)).
-7
Evaluate (-5 - 5) + 2 + (0 - -4).
-4
(4 - 2) + 3 + 0 + -2
3
What is 3 + 9 + -6 - 1?
5
Calculate -10 + 16 + -6 + -6.
-6
What is the value of 0 + 3 + (2 - 2)?
3
Evaluate 8 - (-2 + 7) - 2.
1
Calculate 5 + (-3 + -2 - 0).
0
-6 - (-4 - (-8 + 5 + 5))
0
Evaluate 12 + (11 - 17) + (0 - 1).
5
Calculate (1 - 3) + 5 - 5 - -2.
0
-3 + -4 + 4 + (-3 - -2)
-4
What is the value of 2 - 6 - (34 - 30)?
-8
What is the value of 2 - 0 - (24 + -16)?
-6
2 + -7 - (-1 - (-1 + 1))
-4
Evaluate 3 + 1 + -6 + 0 - -7.
5
Evaluate (-1 - (-6 - -2)) + -1.
2
Calculate -1 + -4 + 1 + -1.
-5
(1 - (5 + -8)) + -4 - 3
-3
-5 + (-6 - (2 + -8)) - -6
1
What is the value of -8 + -1 - -12 - 0?
3
What is the value of 1 + (-4 - 4) + 0?
-7
What is -7 + (14 - (-7 + 16))?
-2
-13 + 9 + (3 - 1)
-2
Calculate -2 + 9 + -11 + (14 - -1).
11
What is the value of (5 + 0 - 4) + -4 + 0?
-3
Calculate -4 - (1 - 8) - -1.
4
Evaluate -3 + (6 - (3 + -1)).
1
What is the value of -1 + 0 + (-1 - 8) + 4?
-6
What is 5 + 5 + -2 + -11?
-3
What is 2 + -2 - 4 - 2 - 0?
-6
(2 - (-5 + 9)) + -1
-3
What is the value of (-3 - 0) + (-44 - -49)?
2
What is -10 - -3 - (-3 - 2)?
-2
Calculate 2 - (-2 + 0 - -1 - -1).
2
What is the value of (-4 - (1 - -1)) + (-2 - -1)?
-7
10 + (-8 - (-2 + 12))
-8
-8 + (-8 + 11 - -2)
-3
What is -1 + 1 + 2 + -2 - 3?
-3
What is 2 - (-9 + 3 + 8)?
0
What is 5 + (-12 - -1) + (-5 - -10)?
-1
What is (8 - 1) + (0 - 1)?
6
-6 + (-8 - -11) + 2
-1
1 - (-2 - -3 - (20 - 14))
6
What is the value of -7 + 5 - -7 - 0?
5
What is the value of 5 + -27 + 25 + 6 + 1?
10
(-18 - (-10 - 3)) + 12 + -1
6
What is the value of -2 + 1 + (-3 - 3) + 2?
-5
-2 - -1 - (-15 - (-7 - 3))
4
Calculate 0 + (-3 + -4 - -3) - -12.
8
-7 - (-1 - 3 - 2)
-1
-1 - (17 + (-8 - 3))
-7
Evaluate 5 + 3 + -2 + -3.
3
Calculate 2 - 7 - ((-4 - -6) + -6).
-1
-9 - -1 - (4 + -4)
-8
What is (7 - 8 - 3) + 21 - 8?
9
What is 3 + 1 + (-15 - -11)?
0
What is 5 + -2 + 1 + 1?
5
What is the value of -1 + (5 - (-3 + 14))?
-7
2 - (5 - 3) - 2
-2
What is the value of (-3 - -2) + (-101 - -106)?
4
What is the value of 137 - 137 - (0 - (-6 + 1))?
-5
What is the value of 88 + -73 + -7 + 1 - 6?
3
What is -1 + (3 - 5) - -2?
-1
Calculate (1 - 3) + 52 + -52.
-2
What is the value of (14 - 21) + (7 - 2)?
-2
-3 - (3 + (-3 - -3 - 2))
-4
What is the value of 7 - 0 - (6 + 3)?
-2
Evaluate 13 + -5 + -3 - (2 - -3).
0
6 - (-4 + 11 - 5)
4
What is 6 - (10 + -2 + -10)?
8
What is 18 + (3 - 28 - -12)?
5
What is the value of 1 + (1 - 1) - 6 - -10?
5
3 + -8 + 5 - -1
1
What is the value of -2 + (4 - 2) - (5 + 0)?
-5
Calculate -6 + -7 - (-21 - -10).
-2
Evaluate 3 + -3 - (0 + 0 - 0).
0
What is the value of (5 - 3) + 3 + 0?
5
-2 - (-15 + (-2 - -9))
6
What is the value of 4 + 0 + 1 + (2 - 6)?
1
3 - 6 - (-6 - -1)
2
Calculate 5 + 1 + -2 + (0 - 4).
0
-218 - -223 - (1 - 0 - -4)
0
Calculate 0 + 2 + 1 + 4 + -2.
5
Calculate (8 - 4) + 9 - 7.
6
What is the value of -1 - (3 + 1 + -7)?
2
What is the value of (-4 - (6 - 8)) + 1 + 0?
-1
Calculate 0 - -5 - (2 + 2) - -4.
5
-12 - (0 + -3 + -1) - -3
-5
(-10 - -16) + 1 + 3
10
What is the value of -2 - (3 + (-6 - -6))?
-5
What is (4 - 0) + -4 + (5 - 5)?
0
2 - (2 - (3 - -1))
4
(2 - 1) + (0 - (1 - 1))
1
Evaluate 11 - (4 - 2) - 5.
4
Evaluate -8 + 6 + -2 + 4.
0
0 + 0 + 0 + -5 + 1
-4
-5 - -2 - (-10 - -10)
-3
What is -10 - 1 - 2 - -9?
-4
What is (-13 - -4) + -4 - -10?
-3
What is 3 + -2 + -1 + (7 - 2)?
5
-4 + (9 - -4) + -4
5
Evaluate 7 - (4 + -6 + (5 - -2)).
2
(20 - (6 + (0 - -2))) + -5
7
What is 4 + -1 + (33 - 34)?
2
What is -11 + -1 + 9 - -8?
5
Evaluate (7 - 13) + -3 + 6.
-3
0 - (0 - 2) - (5 - 6)
3
Calculate -5 + 4 - -6 - 1.
4
Calculate 16 + -19 - (-10 - -2).
5
Calculate -8 + 3 + -2 + 3.
-4
What is 6 + (4 - (8 + 2) - -3)?
3
Evaluate -2 + 9 + 1 + -5.
3
Calculate (2 - -3) + -4 - (-5 - -2).
4
What is 0 - (-9 - (-16 + -2))?
-9
Calculate -1 - -4 - (1 + (-2 - -3)).
1
What is the value of (1 - (3 + -4)) + -7?
-5
Evaluate 2 - -11 - 5 - 15.
-7
Calculate -11 + (5 - -1) - -4.
-1
What is (-1 - 0) + -2 + 4?
1
-38 - -40 - (8 + -1 + -2)
-3
What is the value of -2 + -2 + -19 + 19 - -5?
1
94 - 96 - (5 + (-2 - -3))
-